*k + 3211 + 615 = 0. Is (p - 0)*(-6)/(-24) a composite number?
False
Let j = 1674 + -821. Is j a composite number?
False
Is 4/(-16) + 714/8 a prime number?
True
Suppose 6*o - 2*o = -416. Let m = -39 - o. Is m prime?
False
Let g(v) = -v**2 - 6*v**2 - 3 - v**3 - 6*v - 6. Let f be g(-8). Suppose -5*u = -3*m - 4*u + f, -5*m + 183 = 4*u. Is m composite?
True
Let v(f) = -3*f**3 + 2*f**2 - f - 1. Let h = 3 + -5. Is v(h) a composite number?
True
Is (7724/(-16))/((-2)/(-40)*-1) a prime number?
False
Suppose 2*m = -3*m + 2275. Suppose -5*c = -2*a - 2*a + m, -2*a - 5*c + 235 = 0. Suppose a - 24 = q. Is q composite?
True
Let t be 2/9 + 49/63. Let w = t + 2. Suppose -w*l - o + 211 = 0, 7*l + 3*o - 288 = 3*l. Is l composite?
True
Let d = -2106 - -3840. Suppose d = 2*i + 228. Suppose -i = -5*o + 22. Is o a prime number?
False
Let h(n) = -n**3 + 8*n**2 + 9*n - 4. Let a be h(9). Is (-4)/(a - -8) + 294 a prime number?
True
Let i = 9 + -7. Suppose -i*u = 97 - 395. Is u prime?
True
Suppose -10*l + 12415 = 3*l. Is l composite?
True
Suppose -5*u = 3*n - 6, u + 2*u - 4*n + 8 = 0. Let f(d) = -d + 39. Is f(u) composite?
True
Suppose 3*g + g + 3*s = 2698, -g + 3*s = -667. Is g composite?
False
Let j be -2*2/4 + 15. Suppose -25 = -g + j. Is g a composite number?
True
Suppose 0 = -5*p, 0*p + 5*p - 68 = -2*n. Is n a composite number?
True
Let u(a) = -7*a**3 - 4*a**2 - 7*a - 1. Is u(-5) a composite number?
False
Suppose 0 = -0*d + 4*d - 608. Suppose 6*l - d = 2*l. Is l composite?
True
Let f(m) = -19*m + 21. Is f(-10) a composite number?
False
Let g be (-3)/(3/126*3). Let q = g + 112. Suppose q = 3*a + 1. Is a a composite number?
False
Let w(a) be the third derivative of -a**6/120 - a**5/15 + a**3/6 - 3*a**2. Let g be w(-4). Is g/(-3)*67*-3 a prime number?
True
Suppose -h - 518 = -3*b + 4*h, b - 5*h - 186 = 0. Suppose -4*z - 20 = 0, z = -w - 2*z + b. Suppose -5*u = 3*a - w, -a - 4*u + 185 = 2*a. Is a a prime number?
True
Let h(b) = 7*b - 67. Is h(26) composite?
True
Let j be (-150)/(-35) - (-4)/(-14). Suppose -m + 695 = j*m. Suppose 4*o = 4*w - 5*w + m, 3*w = 2*o - 59. Is o a composite number?
True
Let r = 227 + -10. Is r prime?
False
Suppose -4*n + 4*y + 1692 = 616, 4*y = n - 275. Is n a prime number?
False
Let v = 376 + -137. Is v prime?
True
Let a = -453 + 712. Is a composite?
True
Suppose 1326 = 3*x + 5*k, -4*x = 5*k - 2272 + 499. Is x composite?
True
Is ((-7170)/20)/((-6)/8) composite?
True
Let j = 535 + -319. Let z be (-2)/(j/(-106) - -2). Suppose 0 = 4*l - z + 9. Is l composite?
False
Suppose -4*r + j + 3 = 0, 0*r + j - 15 = -5*r. Let n be 0/2 + r + -17. Is (-29)/(-5) + (-3)/n prime?
False
Suppose -4*d = 5*f - 1495, d - 300 = 3*f - 4*f. Suppose 0 = v + 4*v - f. Is v a prime number?
True
Is 35 - ((-48)/4)/(-3) prime?
True
Suppose 0 = 4*n - 5*p - 9, 4*p = -n - 4 + 1. Let k(d) be the first derivative of 15*d**4/4 - d**3/3 + d - 1. Is k(n) a composite number?
True
Let c = -6 - -6. Suppose -3*i + i = c. Suppose 0 = -i*f - f + 95. Is f prime?
False
Let v(p) = 2*p**3 - 6*p**2 - 6*p - 5. Suppose 4*c + 4*z = -z, -5*c + 41 = -4*z. Is v(c) composite?
True
Suppose -j = -7 - 24. Is j composite?
False
Let b(a) = a**3 + a**2 + a + 379. Is b(0) a composite number?
False
Suppose -5 = -5*h + 2*c, -4*h - c - 2*c + 4 = 0. Let z = h - -3. Suppose -z*n = -m + 25, -4*m + 75 = -m + n. Is m a prime number?
False
Let d be (1/(-2) + 0)*2. Let k be (1 + 0)*-3*1. Let u = d - k. Is u a composite number?
False
Let r(h) = 7*h - 3. Let y be r(3). Let c = y + -12. Let a(o) = 19*o + 1. Is a(c) composite?
True
Let y(a) = 6*a**3 + 4*a**2 + 4*a + 4. Let t be y(-3). Let z = t + 38. Let j = -57 - z. Is j composite?
True
Let w(k) = 21*k**2 + 12*k + 20. Is w(7) a prime number?
False
Let y = 8 + -4. Suppose -8*f + 9*f = 97. Is 2*2/(y/f) a prime number?
True
Suppose 0 = -a + 5*t + 1893 + 476, -3*a - 2*t + 7175 = 0. Is a prime?
True
Suppose 0*k + 4*j = -k + 1811, 4*j + 8 = 0. Is k prime?
False
Let l(r) = r**2 - 4. Let k be l(0). Let m be 1662/(0/(-2) - -1). Is m/18 - k/6 composite?
True
Let h = 4 + -9. Let g(p) = -p**3 - 8*p**2 + 4*p. Let j(t) = t**3 + 8*t**2 - 5*t - 1. Let u(m) = -4*g(m) - 3*j(m). Is u(h) a composite number?
False
Let a be 3/(-1*2/(-2)). Let n be a - ((-12)/(-3) - -1). Is (-7)/(-14)*(-212)/n composite?
False
Let l = -167 + 636. Is l a prime number?
False
Suppose -3*y - 50 = -4*w - 6*y, -8 = 4*y. Suppose -d + w = 6. Is (-6)/d + (-95)/(-4) a prime number?
True
Suppose 0 = -3*f + 2*f + 6. Let u(r) = 1 + r + 8*r**2 - 2*r**2 - r**3 + 2. Is u(f) a composite number?
True
Suppose 0 = -2*x + 267 - 43. Let t(c) = -5*c**2 - 5*c - 3. Let s be t(-3). Let z = x + s. Is z composite?
False
Suppose 2496 = 4*c + c + 2*f, c + 3*f = 507. Suppose 0 = -0*x - 2*x + 4*d + c, 2*x - d = 510. Is x composite?
False
Suppose 2*d + 351 = -1017. Let r = -427 - d. Is r a composite number?
False
Let x(y) = -13*y + 7. Suppose -4*m + 0*m - 32 = 0. Is x(m) a prime number?
False
Suppose 3*q = 4*u + 631, q + 4*q - 3*u = 1037. Is q composite?
True
Let j = -618 - -884. Let y = j - 79. Is y a prime number?
False
Let x = -47 + 32. Let l(n) = n**3 + 2*n**2 - 4*n - 3. Let s be l(-3). Let g = s - x. Is g a prime number?
False
Suppose 0 = -q - 3*b + 1126, -2808 - 2872 = -5*q - 5*b. Is q prime?
False
Let l be (-1)/(-1) + 600/2. Let v = l - 170. Is v a prime number?
True
Let k(s) be the third derivative of -3*s**5/20 + s**4/24 - s**3/3 - s**2. Let y be k(2). Is 8/y + 335/9 a composite number?
False
Let u be (2/(-4) - -1)*-2. Let w = u + 7. Suppose 3*y = w*y - 57. Is y a composite number?
False
Suppose 0 = -s - 2*d + 12, 0 = 4*d - 2*d - 10. Suppose -s*t + 6*t = 0. Suppose f - 4*i - 31 = t, -4*f = -f - 5*i - 79. Is f composite?
False
Let q = -6 + 6. Is -1*(q - 46) + 1 a composite number?
False
Is (-21 + 0)*((-582)/18 + 8) a prime number?
False
Suppose 2*x = -x + 18. Suppose -2*i + x = -3*i. Is (-2)/4 + (-93)/i prime?
False
Let f(s) = 29*s**2 - 2*s - 1. Let g be f(2). Suppose g = -z + 4*z. Is z prime?
True
Is (-223)/((-10)/75 + (-26)/30) prime?
True
Let v = -4 + 6. Suppose u + 4*s = 65, -3*u - 4*s = -v*s - 225. Is u a prime number?
False
Is 0 - (-10)/5 - -89 a composite number?
True
Let q(f) = 3*f**2 - 3 + 3*f**2 + 3 - f. Is q(-1) a composite number?
False
Let n(d) = -4*d**2 + 1. Let s be n(-3). Suppose 2*c + p - 16 = -p, -5*c + p = -10. Let k = c - s. Is k a prime number?
False
Let u(o) = 6*o**2. Let w be u(-1). Let f be w/4*4/3. Suppose -f*x = 13 - 59. Is x composite?
False
Let v = 3525 + -2086. Is v prime?
True
Let d = -117 - -878. Is d a prime number?
True
Let o(n) = -n**3 + 8*n**2 - 7*n + 1. Let v(s) = s**3 + 6*s**2 + 4*s + 6. Let u be v(-5). Let w = -5 + u. Is o(w) prime?
True
Let c = 194 - 39. Is c composite?
True
Let k be 6/21 + 477/21. Suppose -3*d = -2*d - k. Is d a prime number?
True
Suppose 2*x + 210 = 2*u, 297 = 3*u + 4*x + 10. Let q = 9 + -25. Let p = u + q. Is p prime?
False
Suppose -4780 = 2*j + t, -j - j + t - 4780 = 0. Let c = j + 3562. Suppose c = -a + 5*a. Is a a composite number?
False
Let c(o) = 8*o**2 - 10*o + 7. Is c(-18) composite?
True
Let g(p) = p**3 + 14*p**2 + 9*p - 4. Let j be g(-12). Suppose -q + 94 = 5*z, -q - q = -2*z - j. Is q a prime number?
True
Suppose y + 3265 = 6*y. Is y composite?
False
Let f = 219 + -41. Let b be f/3 - (-2)/(-6). Let i = 98 + b. Is i prime?
True
Let x be 2/4*(-3 - 1). Let b = x - -7. Suppose -b*o - 59 = -224. Is o composite?
True
Let i be 3/(-1) + 1 - -1. Let a(p) = p - 11*p**3 + 0 + 1 + 0*p. Is a(i) a composite number?
False
Suppose -203 = -2*s + 3*v, -3*v = 3*s - v - 324. Is s a composite number?
True
Suppose -17*i = -22*i + 2830. Is i a composite number?
True
Let z(r) = -5*r**2 - 2*r + 2*r**3 - 1 + 0*r**3 - r. Is z(4) prime?
False
Let l(q) = -q**3 - 9*q**2 - 5*q - 7. Is l(-10) a prime number?
False
Suppose 0 = -4*x - 4, -11 = 2*f + 2*x + 5. Suppose -6*m = -2*m - 272. Is m/6*(f + 10) a prime number?
False
Suppose -78 = 6*t - 540. Is t a composite number?
True
Let g(w) be the first derivative of w**2/2 + 2*w + 2. Is g(11) composite?
False
Let s = 1 - 1. Let l = 27 - s. Let w = l + 26. Is w a prime number?
True
Let v = 5 - 5. Suppose v*z = -3*z + 15. Suppose 0 = 2*h - 5*n - 35, z*h - 2*n = -0*n + 56. Is h a composite number?
True
Let c be (516 - 1 - -2)/1. Suppose -3*q + c = -476. I